s the highest common factor of 3385 and 210?
5
Calculate the greatest common factor of 4262396 and 177.
59
What is the greatest common divisor of 246886 and 5955778?
2774
What is the highest common divisor of 1372365 and 765?
45
What is the highest common divisor of 1256665 and 115?
5
What is the greatest common factor of 114 and 33287145?
57
Calculate the highest common divisor of 756443648 and 1984.
1984
Calculate the greatest common divisor of 48798256 and 182.
26
Calculate the highest common factor of 2276857 and 15159.
31
Calculate the highest common factor of 774 and 5173803.
387
What is the greatest common factor of 12357 and 416169?
9
Calculate the greatest common factor of 19085952 and 144.
48
Calculate the highest common factor of 6656 and 305908096.
1664
What is the greatest common divisor of 6245 and 23563634?
1249
Calculate the greatest common factor of 348 and 4337508.
12
Calculate the greatest common divisor of 121480815 and 6957.
2319
Calculate the highest common factor of 4096 and 2806912.
128
Calculate the highest common divisor of 38676968 and 1056.
88
What is the highest common factor of 1254646146 and 156?
78
What is the greatest common factor of 46854 and 38931?
57
What is the highest common divisor of 23939 and 343767?
37
Calculate the greatest common divisor of 756594 and 1998.
54
Calculate the greatest common factor of 117 and 2507531.
13
Calculate the highest common factor of 9912 and 23607528.
168
What is the greatest common factor of 7888744 and 8?
8
What is the greatest common divisor of 12177 and 21552183?
1107
Calculate the greatest common factor of 2500614 and 3216.
6
What is the greatest common divisor of 492404 and 4836?
124
What is the highest common factor of 252 and 834190?
14
Calculate the highest common divisor of 128622412 and 492.
164
What is the greatest common divisor of 1089 and 414189?
9
Calculate the greatest common divisor of 18 and 17991.
9
What is the highest common factor of 40 and 24991552?
8
What is the highest common divisor of 208 and 24315824?
208
What is the highest common divisor of 218843894 and 412?
206
What is the highest common factor of 2629 and 936474?
11
What is the highest common factor of 5427 and 244352484?
1809
What is the greatest common factor of 562 and 74809787?
281
Calculate the greatest common factor of 1379130846 and 381.
381
Calculate the highest common factor of 278 and 114799127.
139
Calculate the highest common divisor of 31255 and 190774269.
6251
What is the greatest common factor of 28157195 and 52195?
4015
Calculate the highest common factor of 1119 and 64882231.
373
What is the highest common divisor of 62376 and 1167756?
276
What is the greatest common divisor of 920136 and 3996?
12
Calculate the greatest common factor of 185688 and 9896.
8
What is the highest common divisor of 3122 and 713540905?
1561
Calculate the greatest common factor of 27258 and 23616992.
826
Calculate the highest common divisor of 434 and 3403229879.
217
What is the highest common divisor of 16837968 and 35280?
2352
Calculate the greatest common factor of 4212 and 5417880.
156
What is the highest common factor of 21216888 and 1062215?
6853
Calculate the highest common factor of 281387722 and 1232.
154
Calculate the greatest common divisor of 68671 and 234221.
43
What is the greatest common factor of 150388 and 7756?
28
Calculate the highest common divisor of 472 and 7194991.
59
Calculate the greatest common factor of 1200 and 33750075.
75
What is the highest common divisor of 76000 and 5230?
10
Calculate the highest common factor of 960178 and 3546.
394
What is the greatest common factor of 3869552 and 80?
16
What is the greatest common factor of 869935172 and 4952?
2476
What is the highest common divisor of 482314 and 464548?
658
What is the highest common divisor of 87 and 115474143?
87
What is the highest common factor of 110 and 7001990?
10
Calculate the greatest common factor of 692 and 11889598.
346
Calculate the greatest common divisor of 1064 and 58655128.
1064
What is the greatest common factor of 4367757 and 1410?
141
What is the greatest common divisor of 1449495 and 805?
5
Calculate the greatest common factor of 333377630 and 7110.
790
What is the greatest common factor of 6414030 and 25830?
630
Calculate the highest common factor of 575 and 190819155.
115
What is the highest common factor of 1651967 and 1205344?
5381
Calculate the highest common divisor of 5091 and 454612724.
1697
What is the greatest common divisor of 462 and 7586524?
22
What is the highest common divisor of 30366783 and 3925?
157
What is the highest common factor of 3125919 and 312897?
339
Calculate the highest common divisor of 424 and 51711358.
106
Calculate the highest common factor of 10606 and 908.
2
Calculate the greatest common factor of 716182 and 286969.
827
What is the greatest common factor of 12769414 and 187?
17
Calculate the highest common factor of 120 and 5801442.
6
Calculate the highest common factor of 10007650 and 450.
50
What is the highest common divisor of 127831183 and 54872?
6859
Calculate the greatest common divisor of 18 and 16661691.
9
What is the greatest common divisor of 113636343 and 393?
393
What is the greatest common factor of 960275286 and 14004?
7002
What is the greatest common divisor of 17 and 26238854?
17
What is the greatest common factor of 6489 and 95071781?
721
What is the highest common factor of 18286 and 672154?
82
Calculate the highest common factor of 641662 and 70.
14
What is the highest common factor of 6090 and 1296590?
290
What is the greatest common factor of 38524329 and 147087?
2493
Calculate the greatest common divisor of 213265917 and 45.
9
What is the greatest common factor of 3966896 and 16?
16
Calculate the greatest common divisor of 412007255 and 11.
11
Calculate the greatest common factor of 219 and 139630458.
219
What is the greatest common divisor of 30806360 and 65?
65
What is the highest common factor of 724175 and 3133250?
2075
Calculate the greatest common factor of 35 and 4524995.
5
What is the highest common divisor of 128 and 241860992?
128
Calculate the greatest common divisor of 1776 and 98864.
592
Calculate the highest common factor of 156 and 69935073.
39
Calculate the highest common divisor of 2511 and 1099512.
9
What is the highest common divisor of 14766 and 8060097?
69
Calculate the greatest common factor of 26 and 193013782.
26
What is the highest common factor of 1112 and 245084522?
278
Calculate the greatest common factor of 488437 and 1849.
43
What is the highest common divisor of 5349990 and 30?
30
Calculate the greatest common divisor of 674 and 310930017.
337
Calculate the highest common divisor of 4572 and 9271422.
18
Calculate the highest common factor of 55419 and 47589.
87
What is the highest common factor of 79643 and 368285?
73
What is the greatest common divisor of 671 and 19614001?
671
Calculate the highest common divisor of 126 and 35216832.
42
Calculate the greatest common factor of 2313 and 51033261.
771
What is the highest common factor of 51914 and 444400?
202
Calculate the greatest common divisor of 20124 and 3214692.
468
What is the highest common divisor of 2706 and 23416371?
1353
What is the highest common divisor of 5161939 and 7505?
1501
Calculate the highest common factor of 2489190 and 135.
15
What is the greatest common factor of 223374 and 14160?
354
Calculate the greatest common factor of 507325 and 2007.
223
What is the highest common divisor of 3030 and 104808508?
202
What is the greatest common divisor of 498 and 5296479?
249
Calculate the greatest common divisor of 21743 and 225539.
17
What is the greatest common divisor of 2197 and 1833481?
169
Calculate the highest common divisor of 1937 and 1491341.
149
Calculate the highest common factor of 6432 and 394496.
2144
What is the highest common factor of 133177360 and 1840?
1840
What is the highest common factor of 306796041 and 4306?
2153
What is the greatest common divisor of 28000 and 12944?
16
What is the highest common divisor of 216 and 635032?
8
Calculate the greatest common divisor of 20052 and 31452.
12
Calculate the greatest common factor of 427266763 and 85.
17
Calculate the highest common divisor of 1360 and 8889504.
272
Calculat